ime factors of r?
3, 5, 7, 17
Let h = 79119 + -42995. What are the prime factors of h?
2, 11, 821
Suppose 10*n = 52554 + 177784 + 372. List the prime factors of n.
23071
Let q(z) = 2*z + 2. Let p be q(2). Let s(y) = -2 + 8 - 3 - y**3 + p*y + 11*y**2 - 15. What are the prime factors of s(11)?
2, 3
Let g = -273 - -275. Suppose 776 = -0*p + g*p. What are the prime factors of p?
2, 97
Suppose -z = -10 + 7. Suppose z*r = 4*q - 14, 0 = -q + 2*q - 4*r + 3. Suppose 4*g + 3*m - 410 = q*m, 3*m = g - 115. What are the prime factors of g?
2, 5
Let j be (-1252)/(-16) + 7/(-28). Let g = -39 + j. List the prime factors of g.
3, 13
Let u(k) = -k**2 - 1018*k + 19004. List the prime factors of u(0).
2, 4751
Suppose -19*g + 1763775 = 46*g. What are the prime factors of g?
3, 5, 67
Let u = 23 + -22. Let m be (0 - u)/1 + 1. Suppose m = -3*w + 44 + 4. List the prime factors of w.
2
List the prime factors of (272056/(-372))/((-2)/63).
3, 7, 1097
Suppose 0 = -2*g + g + 4*v - 12, 4*g + v = 3. Suppose 14*d - 22*d = g. Suppose u - 214 + d = 0. List the prime factors of u.
2, 107
Let p(f) be the third derivative of f**5/20 + 7*f**4/24 + 4*f**3 + 9*f**2 - 7. What are the prime factors of p(-15)?
2, 3, 11
Let v be (-46)/4*280/7. Let r = -188 - v. List the prime factors of r.
2, 17
Let g(x) = x**3 + 9*x**2 + 10*x + 8. Let o be (-6)/5*25/10*-11. Suppose -4*j - u + 6 = 30, o = -3*j + 3*u. What are the prime factors of g(j)?
2, 3
Suppose 5*h = y - 29, 0 = -2*y - 2*h + 11 + 11. Let m(g) = 2*g - 3*g**3 + 4*g**3 - 424 + 397 + y*g**2. List the prime factors of m(-13).
2, 29
Suppose -22818 - 191144 = -31*h. Suppose 23*d - 9*d - h = 0. What are the prime factors of d?
17, 29
List the prime factors of 54135/6*152/190.
2, 3, 401
Let m(l) = l - 12. Let t be m(14). Let b(d) be the third derivative of 11*d**6/120 - d**5/30 + d**4/24 - 8*d**2. List the prime factors of b(t).
2, 41
Suppose -10*z + 27*z - 24293 = 0. List the prime factors of z.
1429
Let g = -2660 + 9318. List the prime factors of g.
2, 3329
Suppose -10*h = -6*h + 4. Let r(k) = -115*k + 12. Let g be r(h). Suppose g = a - 136. List the prime factors of a.
263
Let g = -64 - -46. Let m be g*(-2 - (-20)/(-8)). List the prime factors of 2 + m - 0 - (-8)/4.
5, 17
Let j be 678 - -7 - 2 - (0 + 3). Suppose -j = -5*y - 4*n, -7*y + 2*y = 2*n - 680. List the prime factors of y.
2, 17
Let l = -453 + 2072. List the prime factors of l.
1619
Suppose -26*o + 227048 = -143642 - 109140. List the prime factors of o.
5, 3691
Suppose 173*j - 296920 = 80*j + 88*j. What are the prime factors of j?
2, 13, 571
Let q be 1*(3 + -5) + 8. Let j(f) = -10*f + 8 + 2 - f**3 - 3 + 24*f**2 - 14*f**2 - 1. What are the prime factors of j(q)?
2, 3, 5
Let s(k) = 33*k**2 + 2*k + 23. Let l(b) = b**3 - 65*b**2 - 3*b - 46. Let p(f) = 2*l(f) + 5*s(f). List the prime factors of p(-17).
2, 61
Let n = 20049 + -13874. List the prime factors of n.
5, 13, 19
Suppose 0 = -3*f - 3*g + g - 6800, -4*f - 2*g - 9064 = 0. Let z = f + 3488. List the prime factors of z.
2, 3, 17
Let l = 116 + -113. Suppose -g + 4*c = -376, -2*c = g + l*c - 385. List the prime factors of g.
2, 5, 19
Let s(m) = m**3 - 11*m**2 - 15*m + 40. Let l be s(12). Suppose 0 = 4*d + l*f - 556 - 380, f = 0. What are the prime factors of d?
2, 3, 13
Let u = -29 + 45. Suppose 8*w + 9896 = u*w. Suppose 5*r - w = -s, -5*s = -4*r + 131 + 847. List the prime factors of r.
13, 19
Let n(l) = -l**2 - l. Let k be n(-7). Let p = 64 - k. Let d = 179 - p. List the prime factors of d.
73
Let m(h) = 3*h**2 + 9*h - 11. Let g(o) = 4*o**2 + 10*o - 12. Let i(y) = -4*g(y) + 5*m(y). Let q be i(10). Let x = 124 + q. What are the prime factors of x?
67
Let m(b) = 4*b - 3. Let r be m(-15). What are the prime factors of (-2)/(-9) + (-36778)/r?
2, 73
Let q be (5 - 3 - 7) + 11. Let w(a) = 25*a**2 + 3*a + 5. Let n be w(q). Suppose 0*p + 4*x - 925 = -3*p, 3*p = -5*x + n. List the prime factors of p.
311
Let s(a) = 2145*a**2 - 11*a - 16. Let x be s(-2). Suppose 31*b - 5519 - x = 0. List the prime factors of b.
5, 7, 13
Let u be 5 - 0 - (42 + -42). Let j(w) = 5*w**3 + 16*w**2 - 32*w - 1. List the prime factors of j(u).
2, 3
Let z(x) = -858*x - 21. Let q(u) = -286*u - 7. Let r(o) = -7*q(o) + 2*z(o). List the prime factors of r(2).
3, 193
Let b(d) = -d**2 + 13*d + 18. Let q be b(14). List the prime factors of 380*(90/q)/9 + 2.
2, 7, 17
Let h(x) = 76*x**3 + 5*x**2 - 4*x - 2. Let k be 4 - (5 + (-15)/5). Let y be h(k). List the prime factors of y/(-3)*(9 + -10).
2, 103
Let b(u) = -u**3 + 9*u**2 - 6*u - 38. Let i be b(4). Let v = -26 + 59. Let c = v - i. List the prime factors of c.
3, 5
What are the prime factors of -54*((-9)/(-21) - (-27012)/(-63))?
2, 3, 5, 257
Suppose j = -x + 28132, -67*j = -63*j + 20. What are the prime factors of x?
3, 83, 113
Suppose 19*d + 27694 = 601722. List the prime factors of d.
2, 7, 13, 83
Let w be 18 + 372 + ((-2)/(-1) - -1). Suppose -c + w = -510. What are the prime factors of c?
3, 7, 43
List the prime factors of (-5)/((-600)/(-16)) - 2290868/(-285).
2, 4019
Let r(g) = -g**2 - 13*g + 16. Suppose w - 57 = 4*y, -45 = 3*y - 0*w - 3*w. Let i be r(y). Suppose i*x + 156 = 6*x. List the prime factors of x.
3, 13
Let v = -25 + 28. Let u = v + 12. List the prime factors of 1392/u + 5/25.
3, 31
Let d = 8206 + -2102. What are the prime factors of d?
2, 7, 109
Let u = 324 + -319. Suppose 12*h - 15*h = -u*f - 1146, -h - 2*f = -393. What are the prime factors of h?
3, 43
What are the prime factors of ((-260)/(-585) - (-1438)/(-36))/((-3)/5226)?
13, 67, 79
Let f = -18 - -2. Let u = f - -19. Suppose -u*v + 20 = -7*v, -b + 3*v = -55. What are the prime factors of b?
2, 5
Let x = 26 - 26. Suppose -k + 2*r = 12, -5*k + 3*r - 2*r - 24 = x. What are the prime factors of k/18 - (-2620)/45?
2, 29
Let f = 2921 + -1766. List the prime factors of 4 + f - -1 - 7.
1153
Suppose 5*t + 2*s = 3*t + 66364, 4*t - s = 132718. List the prime factors of t.
2, 3, 5, 7, 79
Suppose -144*o = -125*o - 100130. List the prime factors of o.
2, 5, 17, 31
Let i(x) = 11195*x - 3680. List the prime factors of i(4).
2, 3, 5, 137
Let f(t) be the second derivative of 49*t**3/6 + 11*t**2/2 - 25*t. Let b be f(8). Let g = b + -225. What are the prime factors of g?
2, 89
What are the prime factors of (-91393)/(-3) - (0 + (-8 - 125/(-15)))?
2, 7, 17
Suppose 0 = -37*i + 159384 + 35359 + 71398. List the prime factors of i.
7193
Suppose 14*j + 5*q - 180880 = 9*j, 2*q + 36164 = j. What are the prime factors of j?
2, 9043
Suppose -3*a + 14 + 1 = 2*i, -i + 18 = 5*a. Suppose 0 = -m - a, o = -0*o + 4*m + 18. Suppose 549 = 3*w + o*w. List the prime factors of w.
61
Let r = -450 + 1102. List the prime factors of r + 6 + 21/(-7).
5, 131
Let p = -14 + 16. Suppose -4*u + 3*u - p = 0. Let a(j) = 41*j**2 + 6*j + 6. What are the prime factors of a(u)?
2, 79
Let q = -3 + 7. Let r(f) = -f**2 + 7*f - 14. Let m be r(q). What are the prime factors of m/(-6)*(9 - -234)?
3
Let d(l) be the third derivative of -7*l**6/240 + 3*l**5/40 - 5*l**4/12 + 23*l**2. Let n(f) be the second derivative of d(f). List the prime factors of n(-3).
2, 3
Suppose -5*m = -m - 944. Suppose 0 = 2*n - 4*t - 480, 3*t = 4*n - 3*n - m. What are the prime factors of n?
2, 31
Suppose -60*f + 29408 = -16912. What are the prime factors of f?
2, 193
Let t = 262 - 253. Suppose t*o - 908 + 8 = 0. List the prime factors of o.
2, 5
Suppose -5*u - 5*p = -20, -3*u + p - 8 + 4 = 0. Suppose -3*m = -u*m - 489. What are the prime factors of m?
163
Let z be 209/4 + (-12)/(-16). Suppose 0 = 4*t - 4*d - 84, -3*t - z*d = -52*d - 43. List the prime factors of t.
2
Let s = 14 + -54. List the prime factors of (24 - 11)/((-4)/s).
2, 5, 13
Suppose -6*d - 1 + 1 = 0. Suppose -12*w - 3*w - 30 = d. What are the prime factors of (-84)/5*5/w?
2, 3, 7
Let y = 12 + -18. Let j be (-4)/2*2*y/8. List the prime factors of 120/j + 0 - -1.
41
Let x = 23 + -48. Suppose 91*a - 96*a + 150 = 0. Let o = x + a. List the prime factors of o.
5
Let k(h) = 3*h + 59. Let p be k(-19). Suppose w + 3*y + 385 = p*w, -3*y = 4*w - 1600. What are the prime factors of w?
397
Let o(q) = -4*q + 37. Suppose 2*x + 4 = -4*k + 12, -4*k + 8 = 0. Let i be o(x). Suppose 0 = i*c - 40*c + 405. What are the prime factors of c?
3, 5
Suppose -5*f + 47 - 2 = 0. List the prime factors of 